ppose -w*t - 2*t = -40. What is the units digit of (-72)/(-5) + t/(-20)?
4
Suppose j - 1 = 9. What is the tens digit of j?
1
Let a(l) = l**2 - l + 3. Let u be a(0). Let x = u + 21. What is the units digit of x?
4
What is the units digit of 11/33 + 112/6?
9
Let a(x) = -x**2 + 3*x + 2. Let b be a(-4). Let f = b - -69. What is the units digit of f?
3
Suppose -3*s = 4*c + 1, 0 = -2*c + 3*c + 2*s + 4. Suppose -p = c*g - 9, p + g - 10 = -2*g. Let q = p + -1. What is the units digit of q?
6
Let u = 48 + 38. What is the tens digit of u?
8
Suppose 2*c + 23 = -15. Let i = 13 + c. Let o(u) = -u**2 - 6*u + 7. What is the units digit of o(i)?
7
Let c = 9 + 19. Suppose -24 = -6*u + 3*u + 3*g, u - c = -3*g. What is the tens digit of u?
1
Let o(t) = 7*t**3 - t**2 - t + 1. Let m be o(1). Let g = -2 + m. Suppose b - g*p + 0 = -2, -b - 3*p + 5 = 0. What is the units digit of b?
2
Let z(r) = 4*r**2 - 2*r - 2. Suppose 0 = 3*p + 2 + 13. Let a = p - -3. What is the units digit of z(a)?
8
Let l = -19 - -22. Suppose -l*p + 16 = -32. What is the tens digit of p?
1
Let j be 7/((-28)/8)*-8. Suppose j*q + 22 = 18*q. What is the tens digit of q?
1
Suppose -6*s + s - 15 = 0. Let f(l) = -4*l + 1. What is the tens digit of f(s)?
1
Suppose 9 = 2*q - 1. Suppose -n = 5*i + 3*n + 144, 3*n - 137 = q*i. What is the units digit of (-7)/i - (-6)/8?
1
Let q(v) = -v**3 + 5*v**2 + v + 1. Let t be q(4). Suppose 0*r - t = -r. Suppose -70 = -5*b + x, -77 = -4*b + 4*x - r. What is the tens digit of b?
1
Let m(a) = -a**2 + 4*a. Let t be m(2). Suppose 0 = -t*h + c + 18, h - 2 + 6 = -4*c. Suppose 3*o + h*j - 8 = 9, -j = 3*o - 11. What is the units digit of o?
3
Let i(a) = 5*a**2 + 2*a - 6 + 5 - 2*a**2. Suppose 0 = 2*v + 2*v + 8. What is the units digit of i(v)?
7
Suppose 3*p - 118 = 2*d, -5*p = -0*p - 4*d - 198. What is the units digit of p?
8
Let w = -14 + 306. What is the hundreds digit of w?
2
Let c(i) be the first derivative of 2*i**2 + 2 - 1/3*i**3 - 2*i. What is the units digit of c(3)?
1
Let z be 48/18*6/1. What is the units digit of (-43)/(-9) - z/(-72)?
5
Let r = 9 - -5. What is the units digit of r?
4
What is the tens digit of 4/(-22) - 14940/(-132)?
1
Let c(m) = -m**3 - 7*m**2 - 8*m - 4. What is the units digit of c(-6)?
8
Suppose 2*m + 171 = 3*b, -5*b + m = -3*b - 113. What is the units digit of b?
5
Let t = -51 + -477. What is the units digit of (-2)/(-5) - t/30?
8
Let q = -185 - -313. What is the tens digit of q?
2
Suppose 3*b + b - 46 = 2*x, 0 = -2*b + 3*x + 29. Let y = 5 + -1. Suppose -d - 10 = 4*d, -z + b = -y*d. What is the units digit of z?
2
Let w be (-1)/(-1) - (-4 - -2). Suppose 0 = -6*z + w*z + 9. Suppose z*n - 3 - 6 = 0. What is the units digit of n?
3
Suppose 367 + 78 = 5*o. What is the units digit of o?
9
Suppose -2*g + 2*r = 0, 4*g - 2*r = -1 + 9. Let h(f) = -11*f**2 + 6 + f**3 + 11*f - g*f**3 + 2*f**3 + 0*f**3. What is the units digit of h(-12)?
8
Suppose 2*d = d + 11. What is the tens digit of d + -1*(1 + -2)?
1
Suppose 0*u - 8 = -2*u. Suppose s = -3*h - 6 - 4, 4*s = u*h + 24. What is the units digit of (-1)/(-2 + 3 - s)?
1
Let b(s) = -6*s. Let q(a) = -a**3 - 8*a**2 - 1. Let r be q(-8). What is the units digit of b(r)?
6
Let y be ((-10)/3)/((-2)/12). Let d(v) = v**3 + 3*v**2 - 2. Let m be d(-2). Suppose -m*p + 0*q + 12 = -2*q, -4*p + 3*q + y = 0. What is the units digit of p?
2
Suppose 4*p = -4 + 28. What is the units digit of p?
6
Let x = 115 - 167. What is the units digit of x/(-8) - 2/(-4)?
7
Let t(o) = 3*o**3 - 3*o**2 - 5*o + 18. Let a(z) = z**3 - z**2 - 2*z + 9. Let q(g) = 5*a(g) - 2*t(g). What is the units digit of q(0)?
9
Let t(w) = w**2 + 15*w - 11. What is the tens digit of t(-17)?
2
Let b(w) = -5*w**3 - 10*w**2 + 4*w - 2. Let t(c) = -c**3 - c**2 + c. Let j(u) = -b(u) + 4*t(u). Let r be (-1 - 0)*7 + 1. What is the units digit of j(r)?
2
Let q = 8 + -6. Let d be 2/((-3)/q + 2). Suppose -3*s - 40 = -5*m - 7, 0 = d*m + 3*s - 21. What is the units digit of m?
6
Let a(b) = -b**3 + 11*b**2 - 9*b - 10. Let h be a(10). Suppose 0 = -2*w - 4*j + 16, 5*w + 3*j + 0*j - 47 = h. What is the tens digit of w?
1
Suppose 0*u - 3*o = -2*u + 153, 213 = 3*u + o. What is the units digit of u?
2
Suppose -3*v = -5*v. Suppose -2*j + 6 = v, -3*j - 37 = -s - 0*s. What is the tens digit of s?
4
Let p = 18 + -5. Let m = p + -5. What is the units digit of m?
8
Let w = 5 + -9. Let l = w + 6. Suppose -l - 14 = -4*i. What is the units digit of i?
4
Let g(u) = -6*u**2 - u. Let r be g(-1). Let t be (-8)/(-2)*r/(-10). What is the units digit of 12/3 + (-1 - t)?
1
Let b(v) = -12*v + 6*v + 3 + 4 + 8*v. What is the tens digit of b(12)?
3
Let h = -55 + 33. Let m = -9 - h. What is the units digit of m?
3
Suppose -3*c + 42 + 3 = 0. Let p = -2 - -4. Suppose -5*b - l + 5*l = -18, p*b = -l + c. What is the units digit of b?
6
Let g be (-1)/(-2) - (-39)/(-2). Suppose -3*o + 147 = 54. Let q = g + o. What is the tens digit of q?
1
Suppose -2 = -2*l - 0. What is the units digit of l?
1
Let s(i) = i**3 - 5*i**2 + i + 4. Let f be s(6). Suppose 5*m = 19 + f. What is the tens digit of m?
1
Let f(g) = -g**2 + 9*g - 9. Let l be f(7). Suppose -5*v = -0*c - c - l, v - c = 5. Suppose v*i - 3*i = -33. What is the tens digit of i?
1
Let l = -2 - -8. Let m(h) = h**2 + h - 2. Let v be m(2). Let b = l - v. What is the units digit of b?
2
Let r = 54 - 20. Let i be (-45)/3*8/6. Let y = r + i. What is the units digit of y?
4
Suppose 4*t + 56 = 4*l, t + t = 3*l - 25. Let w = -5 - t. What is the tens digit of w?
1
Suppose 0 = t - 74 - 56. Suppose 0*k = 5*k - t. What is the units digit of k?
6
Suppose -o = -5 + 3. Suppose -2*g + o = -2. Suppose -4*k = p + p + 2, -7 = -5*p + g*k. What is the units digit of p?
1
What is the hundreds digit of 6/(4*(-1)/(-132))?
1
Let n(l) = l**3 + 6*l**2 + 6*l + 5. Let q be n(-5). Suppose -a = -q*a. Let z = 5 + a. What is the units digit of z?
5
Let t(b) = 46*b - 5. What is the hundreds digit of t(3)?
1
Let k be 3/9 + 38/(-6). Let q(d) = -d + 4. What is the tens digit of q(k)?
1
Let r = 0 + 0. Let u(j) = 20*j**3 - 3*j**2 + 44. Let k(z) = 7*z**3 - z**2 + 15. Let d(s) = -17*k(s) + 6*u(s). What is the units digit of d(r)?
9
Let p(l) be the second derivative of l**4/6 + l**3/6 - l**2/2 + 4*l. What is the units digit of p(2)?
9
Let j be ((-15)/6 + 2)*0. Let t(l) = -l**2 + l + 9. What is the units digit of t(j)?
9
Let q = -13 - -29. What is the units digit of (-66)/(-8) - 4/q?
8
Let a(i) = i**3 + 10*i**2 + 11*i - 6. What is the tens digit of a(-8)?
3
Let x = -6 - -8. Suppose 5*q = x*a - 37, 0*q + 4*q = 20. What is the tens digit of a?
3
Let v(m) be the third derivative of m**6/120 + 7*m**5/60 - m**4/12 + 7*m**3/6 - 2*m**2. What is the units digit of v(-7)?
1
Let g = 29 + -61. Let i = g - -19. Let u = -8 - i. What is the units digit of u?
5
Suppose 0*n = 2*n + 20. Let f = 17 + n. What is the units digit of f?
7
Let c(p) = p**3 + 6*p**2 - 7*p + 4. What is the units digit of c(-7)?
4
Let d be (6 - 41) + (1 - -2). Let i = d + 45. What is the tens digit of (3 - 5)/((-2)/i)?
1
What is the tens digit of 5*45 + (-2 - 2/1)?
2
Let c be ((-42)/(-9))/((-4)/(-6)). Let u = 12 - c. What is the units digit of u?
5
Suppose -2*d - 3*d = 0. Suppose 3*v + 5*y = 13, 3*y - 3 = 3*v - d. Suppose -10 = -2*o + 4*c, -4*c = -o - 0*o + v. What is the units digit of o?
9
Let v(t) = t + 11. Let q be v(-5). Suppose 32 - q = 3*f + r, 4*r - 48 = -5*f. What is the units digit of f?
8
Suppose -5*b - 247 = -3*g, g - b - 174 = -g. What is the tens digit of g?
8
Suppose r - 3 + 1 = 0. Let m = r + 2. Let v(q) = 2*q**2 - 3*q + 1. What is the tens digit of v(m)?
2
Let q be (-9)/6*(-8)/3. Suppose 0 = 5*u - 3*b - 43, -52 = -q*u - b - b. What is the units digit of u?
1
What is the units digit of 15*(-7)/(35/(-3))?
9
Let y = -12 - -3. Let i = 14 + y. Suppose -5 = -5*k + i. What is the units digit of k?
2
Suppose 3*o = 4*i - 77, -i + 5*o + 0*o + 32 = 0. Suppose 4*f - 133 + i = 0. What is the tens digit of f?
2
Suppose 5*u = -3*q + u - 19, 0 = 3*q - 4*u - 13. What is the units digit of q - 18/(3*-1)?
5
Suppose 3*z + 3 = 21. Let q = 8 - z. What is the units digit of q?
2
Suppose 4 = -4*w - 5*v, -v = -w - 3*v - 1. Let i = -40 - -34. What is the units digit of w/((i/(-2))/(-24))?
8
Let d(p) = 128*p - 13. What is the hundreds digit of d(2)?
2
Su